p. Let l = 1421 - 1422. Calculate the remainder when d(l) is divided by 3.
0
Suppose 0 = -33*g + 19957 + 11261. Calculate the remainder when g is divided by 55.
11
What is the remainder when 79 + (-16 - -1) + 24 is divided by 18?
16
Suppose 0 = 23*v + 379 + 1921. Suppose -2*i - 25 = -3*i. What is the remainder when i is divided by 12*((-115)/v + 8/(-20))?
7
Suppose 4*l = 13*l - 117. Let k = 370 - 179. Calculate the remainder when k is divided by l.
9
Suppose -4*c - 7656 = 4*q, -4*c + q + 3825 = -6*c. What is the remainder when 294/c + 1471/13 + 1 is divided by 23?
22
Let x = 9006 - 8899. Calculate the remainder when x is divided by 10.
7
Let c = -2 + 3. Suppose 203*q = 207*q - 88. Calculate the remainder when q is divided by c/(-2*2/(-24)).
4
Let l = 168 + -41. Let m = l - 35. What is the remainder when m is divided by (2 - 287/(-17)) + 270/2295?
16
Let y(k) = 10*k**2 - 64*k - 67. Calculate the remainder when y(9) is divided by 32.
7
Let x = -32651 - -32666. What is the remainder when 6025 is divided by x?
10
Suppose 0 = 72*a + 2360 - 8552. Let f = 25 + -3. Calculate the remainder when a is divided by f.
20
Suppose 3*x + 0*x - 8 = p, 0 = -5*x - 5*p. Suppose -2*a - x*a = -60. What is the remainder when a is divided by 819/119 + -3*(-18)/459?
1
Let i = -2444 - -2803. Calculate the remainder when i is divided by 20.
19
Let z(x) = x**3 + 15*x**2 + 4*x - 14. Let g be z(-13). Let f = g - 40. What is the remainder when f is divided by 6?
4
Let c = 5634 + -5617. Calculate the remainder when 211 is divided by c.
7
Let r(f) = f**2 - 17*f + 2. Let m be r(17). Suppose -4*n = -5*n + m. Suppose 4*b - 6*b = 4, -h + 54 = -n*b. What is the remainder when h is divided by 19?
12
Let t = 158 - 155. Suppose -t*l + 2544 = l. Calculate the remainder when l is divided by 49.
48
Let k(b) = 10*b**2 + 13*b - 5. Let f(m) = -9*m**2 - 13*m + 4. Let z(s) = 7*f(s) + 6*k(s). Calculate the remainder when 1/(3*(-2)/(-36)) is divided by z(-4).
0
Suppose 2*p + m + 18 = -3*p, -3*p = 2*m + 8. Calculate the remainder when (-2 - 0) + p + 2 + 33 is divided by 8.
5
Calculate the remainder when (216/(-45))/8*5*19178/(-6) is divided by 109.
106
What is the remainder when 254 is divided by 4/(-24) - (-35425)/150?
18
Let a = 11612 + -6468. What is the remainder when a is divided by 15?
14
Let y = -5383 + 5665. Calculate the remainder when y is divided by 48.
42
Suppose 36*w - 3 = 35*w. Suppose -w*d = -10*d - 91. Let c(h) = h**3 + 14*h**2 - h + 17. What is the remainder when c(d) is divided by 50?
49
Suppose 20*r - 4*r = 13136. What is the remainder when r is divided by 70?
51
Suppose 2*k = 3*h - 215, 2*h + k - 148 = -0*h. Suppose -91 = 5*b + 69. Let l = 52 + b. What is the remainder when h is divided by l?
13
Let i be ((-22)/(-10))/(15/75). Suppose -21*o = -20*o - i. Suppose -4*m - 70 = -190. Calculate the remainder when m is divided by o.
8
Suppose -13 = -2*x + x. Suppose 12*m - 7*m = -6*d + 296, 4*d = 5*m + 164. Calculate the remainder when d is divided by x.
7
Suppose 5*t - 5 = 0, 177 = 2*u + 7*t - 10*t. Let r = 223 + u. What is the remainder when r is divided by 106?
101
Let g = -542 + 2084. Suppose 6*w - g = 1746. What is the remainder when w is divided by 69?
65
Let t(d) = d**2 + 22*d - 81. Let j be t(4). Calculate the remainder when 169 is divided by 2 - (1 - (j - 5)).
17
Let c = -185 - -192. What is the remainder when 163 is divided by 1/(7/2) + 292/c?
37
Let f(b) = -233*b**2 + 1867*b + 11. What is the remainder when 308 is divided by f(8)?
28
Let k(h) = -h**3 + 2*h + 188*h**2 - 190*h**2 + 5 - 2*h. Let l be k(0). Suppose -5*a = l, -4*m + 3*a + 252 = -a. What is the remainder when m is divided by 8?
6
Suppose -3*b - 47*i + 42*i + 379 = 0, -15 = -3*i. What is the remainder when b is divided by 40?
38
Let o(r) = -r**2 + r + 23. Let i be o(-4). Let a = i - -52. Calculate the remainder when a is divided by 13.
3
Let a(b) = -3*b**3 + 7*b**2 - 81*b - 339. Calculate the remainder when a(-11) is divided by 21.
16
Let l = -22242 - -22358. Calculate the remainder when 703 is divided by l.
7
Let y = -88159 + 88457. Suppose -4*k + 25 = -35. What is the remainder when y is divided by k?
13
Suppose -6*j + 12 = 7*j - 11*j. What is the remainder when 3039 is divided by j?
3
Suppose -21*n - 58 - 152 = 0. Let o(j) = 2*j**2 + 21*j + 22. Calculate the remainder when 29 is divided by o(n).
5
Suppose -2*v = -3*p + 555, 4*p - 304 = -4*v + 416. Calculate the remainder when p is divided by 27.
21
Let m(w) = -2*w**3 + 6*w**2 + 3*w - 22. Let y be m(8). Let b = -619 - y. Calculate the remainder when 36 is divided by b.
17
Let v = 62944 - 62926. What is the remainder when 39/6*(3 + 1) is divided by v?
8
Suppose -4*l - f = -8778, -3*l - 5*f = -0*l - 6575. What is the remainder when l is divided by 100?
95
Suppose -16*n + 32*n + 26*n - 37254 = 0. Calculate the remainder when n is divided by 62.
19
Let r be -1*(-7)/((-21)/9). Let n be (-4 - -12 - -3)*(-6)/r. Suppose 2*h - n = 2*a, -h = 3*a + 4 + 5. What is the remainder when 8 is divided by h?
2
Suppose -y - 20*o + 132 = -19*o, 3*y = -2*o + 393. Calculate the remainder when 412 is divided by y.
25
Suppose -5*k - 21 + 10 = -2*r, 0 = -r - 5*k - 2. What is the remainder when (-140)/490 - (-450)/7 is divided by r*4/6 + 9?
9
Suppose -21*f = -2756 + 698. Calculate the remainder when f is divided by 24.
2
Let x be 32501/49 - (-8)/(-28). Suppose -20*n + 17*n + x = 0. What is the remainder when n is divided by 28?
25
Suppose 0 = -5*h + 3*n + 79, -2*h = -n - 0*n - 31. Let p(w) = -16*w - 2*w**2 + w**2 + 144 - 76 + 121. Calculate the remainder when p(-18) is divided by h.
13
Suppose 4 - 29 = -p. Let u = 181 + -39. Let j = -18 + u. What is the remainder when j is divided by p?
24
Let q = 4797 + -4642. Calculate the remainder when q is divided by 28.
15
Suppose 4*h + 12 = 2*v, 3*h + 30 = -18*v + 21*v. What is the remainder when 2853 is divided by v?
11
Suppose -50 = -3*z + 74*o - 72*o, 5*z + 5*o - 75 = 0. What is the remainder when z is divided by 8?
0
Let o(d) = 26*d + 584. What is the remainder when 335 is divided by o(-21)?
31
Let l(c) = 2591*c - 15461. What is the remainder when l(7) is divided by 8?
4
Let b = -5 - -14. Let d be (-2)/(-4)*324/b. Calculate the remainder when 225 is divided by ((-684)/(-54))/(4/d).
54
Suppose w - 12 = -3*w. Suppose 5 = w*v - 10, -103 = -4*t - 3*v. Calculate the remainder when (-1)/(-4 - (-695)/175) is divided by t.
13
Let r(a) = -a**3 - 14*a**2 + 90*a + 1. Calculate the remainder when 262 is divided by r(-19).
70
Let g(b) = b**3 - b**2 + 782. Let h be g(0). Let x be 328/123 + 4/(-6). What is the remainder when 113 is divided by (3/x)/(51/h)?
21
Let p = 10638 - 10552. Calculate the remainder when 286 is divided by p.
28
Let z = -2955 + 3579. What is the remainder when 636 is divided by z?
12
Let h = 3757 + -3471. What is the remainder when h is divided by 275?
11
Suppose -4*a + b = 8, -2*a + 3 = -4*b + 7. Suppose -5*p + 1 = 2*k - k, 3*k = -2*p + 3. What is the remainder when 10 is divided by ((-25)/(-5))/k + (a - 0)?
1
Suppose 82*g = 76*g - 108. Let a = g + 31. What is the remainder when 15 is divided by a?
2
Suppose 4*v + 5*z - 11090 - 8574 = 0, -24638 = -5*v + z. What is the remainder when v is divided by 56?
54
Calculate the remainder when (30069/81 - 2/9) + -7 is divided by 124.
116
Suppose 0 = -3*f + 20 + 61. Suppose -3*k + 2*s + 421 = 0, -41*s + 39*s + 377 = 3*k. What is the remainder when k is divided by f?
25
Suppose -796 = -0*l - 4*l - 4*n, -2*l + 5*n = -391. Suppose -5*b = -t + l, 24*b - 20*b + 16 = 0. What is the remainder when t is divided by 1/((1 + -2)/(-30))?
28
Calculate the remainder when 6/(-45) + (-54484)/(-30) is divided by 23.
22
Suppose 4*c - 240 = -4*v, -2*c = -4*v + 2*v + 136. Suppose v - 8 = 8*l. Calculate the remainder when 30 is divided by l.
2
Calculate the remainder when 417 is divided by 18/(-4536)*-14 + (-21813)/(-54).
13
Suppose 0 = -3*a + c + 14, 3*a + 10*c = 15*c + 10. Let g = -10 + 21. What is the remainder when g is divided by a?
1
Let s be -1*(-20 + 9 + -6). Suppose 218 - 1629 = -s*l. What is the remainder when l is divided by 17?
15
Let m(y) = y**3 - 6*y**2 - 7*y + 4. Suppose 5*v = -2*v + 161. Let j = -12 + v. What is the remainder when j is divided by m(7)?
3
Suppose 2*o - 16 = 6*o, 5*o = -5*j + 5. S